Suppose -2*r - 60 = -i*r. Suppose -56*u + r*u - 500 = 0. What is the units digit of u?
5
Let t(n) = 7*n + 13 + n**2 - 13*n + 7 - 9*n. Let x be t(16). Suppose 3*s - x + 6 = 0. What is the units digit of s?
0
Let c = -304 + 778. Let l = -289 + c. What is the units digit of l?
5
What is the hundreds digit of 10/((-2 - 0) + 0) + 4967?
9
Let d = 37 - -80. Suppose -d = -17*o + 14*o. Suppose g - 4*g + o = 0. What is the units digit of g?
3
What is the hundreds digit of 4754 - -6 - (0 - -4)?
7
Suppose 8*x - 10531 = 2261. Let l = 931 - x. What is the tens digit of l/(-3) - 68/102?
2
What is the ten thousands digit of (81/(-3) - -33)*((-2370)/(-1) + 0)?
1
Let a be 18/(-126) + 96/(-14). What is the tens digit of (a - -19)*744/9?
9
Let h be 4/((-8105)/8115 + 1). What is the tens digit of h/10 + 2 - (-24)/60?
2
Let o(p) = 6*p + 3. Let x be o(4). Let h = x + -22. Suppose 0*q = -h*q + 430. What is the units digit of q?
6
Let p = 1964 + -985. What is the tens digit of p?
7
Let w = 299 + -230. Suppose -28*f = -w*f + 64944. What is the units digit of f?
4
Let m be 7284/5*(-3)/((-45)/50). Let l = m - 2766. Suppose 10*v - l = -v. What is the units digit of v?
0
What is the tens digit of (-59)/((4 - (-2 + 8))/((-1326)/(-17)))?
0
Let x = 122 - 51. Suppose 5*n = -25, -4*f = -n - 46 - x. Suppose f*s = 29*s - 126. What is the tens digit of s?
2
Suppose -9*q - 8 = -26. Suppose j = 5*k + 47, q*k + 163 = 5*j + k. Suppose -4*v + j = -5*t, -v = -3*v - 2*t + 34. What is the tens digit of v?
1
Let r(m) = 89*m**3 + 4*m**2 + 55*m - 190. What is the tens digit of r(4)?
9
Suppose 40 - 64 = 2*q. Let j(z) = 6*z - 2. Let o(p) = 12*p - 3. Let l(y) = -9*j(y) + 4*o(y). What is the tens digit of l(q)?
7
Let v be (-3)/(-7) + 36/14. What is the thousands digit of (-96621)/(-63) + (-8)/v?
1
Suppose 0 = -l + 4*w + 536, 3*w - 5 = 10. Suppose -2*i - 2*q = -l, 0*q = i + 4*q - 269. What is the hundreds digit of i?
2
Suppose 31*w = 144646 + 300638. What is the ten thousands digit of w?
1
Suppose -4*d - 10331 = -x, 5*x - 110*d - 51595 = -105*d. What is the ten thousands digit of x?
1
Suppose -3*c - t = -55, 2*c + 0*t - 60 = 4*t. Suppose -c*k = -307 - 713. What is the tens digit of k?
5
Suppose -2750943 = -209*n + 141617. What is the thousands digit of n?
3
Let d(r) = 9*r**2 + 42*r + 183. What is the units digit of d(-34)?
9
Let b be (17/51)/(0 + (-1)/(-6)). Suppose b*c = c + 3*c. Suppose p + 4*r - 57 = c, 10*r = 4*p + 5*r - 123. What is the units digit of p?
7
Let x(d) be the third derivative of -83*d**4/24 - 235*d**3/6 - 277*d**2. What is the thousands digit of x(-23)?
1
Suppose 0 = -17*o + 11*o + 24. Suppose -y + 305 = -o*d, -628 + 2249 = 5*y + 4*d. Let g = 581 - y. What is the units digit of g?
0
Suppose 0 = 4*v, 440 = 4*d + d - 5*v. Let z(q) = -q. Let p be z(0). Suppose p = g - d + 22. What is the tens digit of g?
6
Let n(b) = -b**2 + 73*b - 41. Let v = -332 + 369. What is the thousands digit of n(v)?
1
Let n = 2802 + -1327. Let k = 2194 - n. What is the hundreds digit of k?
7
Let y = 167 - 162. Suppose 4*x + 27 = p, -2*p + x = y*x - 102. What is the tens digit of p?
4
Let c = 34731 - 19425. What is the units digit of c?
6
What is the thousands digit of (-32)/(-208) + (-145024)/(-26)?
5
Let i = -12721 - -32035. What is the ten thousands digit of i?
1
Let a(h) = h**2 - 16*h - 14. Let m be a(17). Suppose n = 2*y - 442, 0*y = -3*y + m*n + 663. What is the units digit of y?
1
Suppose -5*i = m - 9*i - 5488, 3*i = -9*m + 49236. What is the units digit of m?
2
What is the thousands digit of 60992 + -1 + -126 + 135?
1
Suppose 53*z - 5*z = 171936. What is the hundreds digit of z?
5
Let i be 152/32 + 3/(-4). Suppose -3*j = -i*j + 51. Suppose f - j = -4*q + 10, 0 = 3*f + 9. What is the tens digit of q?
1
What is the units digit of (-241 - -235) + 2*3606?
6
Suppose -50 = 4*b + b. Let n = 23 + b. Suppose n*f = 11*f + 154. What is the tens digit of f?
7
Let j(y) = -y**3 + 14*y**2 + 15*y + 7. Let l be j(15). Suppose 5*q - 5*w - 1950 = 0, l = -3*w + 13. What is the hundreds digit of q?
3
Suppose 5*h - 264 = 2706. Suppose -34*i - h = -45*i. What is the tens digit of i?
5
Let b(q) = -684*q + 40. Suppose 8*n + 4*d = 4*n - 40, 5*n + 3*d + 42 = 0. Let l be b(n). Suppose -5*u - 11*u + l = 0. What is the tens digit of u?
5
Suppose 4*n + 5*t = n - 230, 4*t = 4*n + 264. Let y = 85 + n. Suppose -2*c + y = -o - 61, -16 = 4*o. What is the units digit of c?
6
Let c = -3115 + 9326. What is the tens digit of c?
1
What is the hundreds digit of (-372 - -372) + 2/5 + 139824/15?
3
Let z = -243 - 139. Let d = -147 - z. What is the units digit of d?
5
Suppose -f = -5*k + 29, -2*k = 3*k + 2*f - 32. Suppose 0 = -2*w + 208 - 50. Let y = k + w. What is the units digit of y?
5
Suppose -10980 = -2*i - 34*k + 38*k, k + 21932 = 4*i. What is the hundreds digit of i?
4
Let u(i) = -i**3 - 29*i**2 - 64*i + 248. What is the thousands digit of u(-31)?
4
Let m be (73 - 0)/((-17)/(-272)). Suppose -3*d = -2*v - m + 3203, 5*d = -15. What is the tens digit of v?
1
Let i = 78 - 90. What is the tens digit of -3 - -202 - 2 - i/4?
0
Let l = -6937 - -3227. Let j = -2431 - l. What is the thousands digit of j?
1
Let o = 27 - 22. Suppose 6*c = o*c - 4*c. Suppose 4*z - 11 + 3 = c. What is the units digit of z?
2
Suppose q + 88 = 95, 3*j = 2*q + 2371. What is the hundreds digit of j?
7
Suppose -95 = -19*w + 19. Suppose -w - 4 = 5*l, -3*a + 97 = -5*l. What is the units digit of a?
9
Suppose 9*b - 12 = 3*b. Suppose -4*x = -20, 0 = b*l - 6*x + 2*x - 1122. Let k = -332 + l. What is the hundreds digit of k?
2
Suppose 2 = p, 2*x + 3*p = -3*x - 2949. Let k = 1049 + x. What is the tens digit of k?
5
Let s = 5149 - 976. What is the hundreds digit of s?
1
Let c = 6884 - 4749. Let w = -1504 + c. What is the units digit of w?
1
Suppose 2*g = j + 1, 0 = -4*j - 2*g + 36 - 10. Suppose -298 + 103 = -j*m. Suppose -7*o = -830 + m. What is the tens digit of o?
1
Suppose 51*o = 48*o + 90. Suppose -o*m = -46*m + 20928. What is the tens digit of m?
0
Suppose 0 = 29*b - 27*b - 44. Suppose 0 = -b*z + 26*z - 2644. Suppose 93 = -8*w + z. What is the tens digit of w?
7
Let t(u) = u**3 - 5*u + 2*u**2 - 51 + 335 - 3*u**2. What is the hundreds digit of t(0)?
2
Let q be 6/4*(-4 - -6). Let a(l) = l**3 - 2*l**2 - 2*l - 3. Let f be a(q). Suppose 5*u + 5*g - 240 = f, -2*g - 240 = -5*u - g. What is the tens digit of u?
4
Let x = -6129 - -19066. What is the hundreds digit of x?
9
Let m be 8 - (1 + -5)*3/(-6). Suppose m*y + 12 = -6. Let i(w) = 12*w**2. What is the tens digit of i(y)?
0
Suppose -2*f + 1451 = -969. Suppose 5498 = 16*o + f. What is the units digit of o?
8
Suppose -42*q + 3*o = -47*q + 46517, 3*q - 27903 = -3*o. What is the units digit of q?
7
Let n be (-4)/(4 - (2 + 4)). Let f(l) = -13 + 6 + 4*l + 3. What is the units digit of f(n)?
4
Let v be (8/9)/(14/63). Suppose 1362 = 3*r - 3*o, 4*r - v*o + 3*o - 1816 = 0. What is the hundreds digit of r?
4
Let t(c) = 5*c - 178. Let b be t(36). What is the thousands digit of 2/(b/(-3) + 2)*814?
1
Let a(d) = -d**2 - 11*d + 14. Suppose 4*y + 24 = -24. Let r be a(y). Suppose -r*h = -5*w + 6*w - 45, -2*h + 198 = 4*w. What is the tens digit of w?
5
Suppose -760345 = -112*q - 60121. What is the thousands digit of q?
6
What is the tens digit of 69516/10 - 11/(-550)*-30?
5
Let x be (90/54)/((-3)/(-1107)). Let d = x + -145. What is the tens digit of d?
7
Let w = -160881 - -225357. What is the tens digit of w?
7
Suppose 43416 = -25*q + 7*q. What is the thousands digit of (q/30)/(18/(-240))?
1
Suppose 3*h + 4*b = 33954, 8*h - 11*h - b = -33963. What is the hundreds digit of h?
3
Suppose 3*v = 2*o - 14, -3*o + 5*v = -24 + 2. Suppose 0*s - o*s - 408 = 0. What is the tens digit of 2/8 - s/8?
1
Let v(q) = -429*q - 959. What is the hundreds digit of v(-81)?
7
Let m = -213 - -212. What is the hundreds digit of (-3)/((m/2)/((-3355)/(-66)))?
3
Let h = -1856 + 16896. What is the tens digit of h?
4
Let a(t) = -5*t - 5*t + 6*t + 3*t + 4*t**2 + 12. Let n be a(8). Let z = n - 186. What is the tens digit of z?
7
What is the units digit of 138/4*(-4066)/(-57) - 2?
9
Let x = 91 - -7. Let d(h) = -h**2 + x - 100 - 6*h + 5*h + h**3. What is the units digit of d(3)?
3
Let y(m) = m**3 + 9*m**2 + 113*m - 2446. What is the tens digit of y(19)?
0
Suppose 3*t - 1246 = 4*k